{"id":65,"date":"2013-10-21T11:33:51","date_gmt":"2013-10-21T09:33:51","guid":{"rendered":"http:\/\/samopomoc.srv9.3net.pl\/?page_id=65"},"modified":"2024-03-18T22:26:15","modified_gmt":"2024-03-18T21:26:15","slug":"archiwa","status":"publish","type":"page","link":"https:\/\/www.samopomocchlopska.pl\/?page_id=65","title":{"rendered":"Archiwa"},"content":{"rendered":"<p>Zwi\u0105zek Rewizyjny Sp\u00f3\u0142dzielni \u201eSamopomoc Ch\u0142opska\u201d w Gda\u0144sku informuje, \u017ce przechowuje nast\u0119puj\u0105ce dokumenty:<\/p>\n<ol>\n<li>Wojew\u00f3dzki Zwi\u0105zek Gminnych Sp\u00f3\u0142dzielni \u201eSamopomoc Ch\u0142opska\u201d w Gda\u0144sku = Gda\u0144skie Przedsi\u0119biorstwo Sp\u00f3\u0142dzielcze \u201eSamopomoc Ch\u0142opska\u201d w Gda\u0144sku \u00a01967 \u2013 1990 akta osobowe i kartoteki p\u0142acowe.<\/li>\n<li>Wojew\u00f3dzki Zwi\u0105zek Gminnych Sp\u00f3\u0142dzielni \u201eSamopomoc Ch\u0142opska\u201d w Gda\u0144sku \u2013 Zak\u0142ad Zaopatrzenia Rolnictwa\u00a01973 \u2013 1986 akta osobowe i kartoteki p\u0142acowe.<\/li>\n<li>Wojew\u00f3dzki Zwi\u0105zek Gminnych Sp\u00f3\u0142dzielni \u201eSamopomoc Ch\u0142opska\u201d w Gda\u0144sku \u2013 Zak\u0142ad Us\u0142ug Inwestycyjnych\u00a01979 \u2013 1988 akta osobowe i kartoteki p\u0142acowe.<\/li>\n<li>Centralny Zwi\u0105zek Sp\u00f3\u0142dzielni Rolniczych \u201eSamopomoc Ch\u0142opska\u201d w Warszawie \u2013 Terenowy Zesp\u00f3\u0142 Lustracji \u2013 Oddzia\u0142 w Gda\u0144sku\u00a01967 \u2013 1990 akta osobowe i kartoteki p\u0142acowe.<\/li>\n<li>Listy p\u0142ac Agent\u00f3w 1989 \u2013 1991\n<ul>\n<li>Gda\u0144skie Przedsi\u0119biorstwo Sp\u00f3\u0142dzielcze \u201eSamopomoc Ch\u0142opska\u201d w Gda\u0144sku \u2013 Sklep Wielobran\u017cowy \u2013 Hieronim Grzenkowicz,<\/li>\n<li>Kwiaciarnia \u201eMaciejka\u201d \u2013 Halina Kortes,<\/li>\n<li>Agencyjny Zak\u0142ad Stolarski \u2013 Czes\u0142aw W\u0105drzyk,<\/li>\n<li>Gda\u0144skie Przedsi\u0119biorstwo Sp\u00f3\u0142dzielcze \u201eSamopomoc Ch\u0142opska\u201d w Gda\u0144sku \u2013 Magazyn \u2013 Saba Cie\u015blewicz.<\/li>\n<\/ul>\n<\/li>\n<li>Wojew\u00f3dzki Zwi\u0105zek Gminnych Sp\u00f3\u0142dzielni \u201eSamopomoc Ch\u0142opska\u201d w Gda\u0144sku \u2013 Zak\u0142ad Budowlano Monta\u017cowy w Pruszczu Gda\u0144skim\u00a01974 \u2013 1989 akta osobowe i kartoteki p\u0142acowe.<\/li>\n<li>Wojew\u00f3dzki Zwi\u0105zek Gminnych Sp\u00f3\u0142dzielni \u201eSamopomoc Ch\u0142opska\u201d w Gda\u0144sku \u2013 Zak\u0142ad Budowlano Monta\u017cowy w Pruszczu Gda\u0144skim \u2013 Agencja in\u017c. Tadeusz Maj\u00a01989 \u2013 1990 akta osobowe i kartoteki p\u0142acowe.<\/li>\n<li>Wojew\u00f3dzki Zwi\u0105zek Gminnych Sp\u00f3\u0142dzielni \u201eSamopomoc Ch\u0142opska\u201d w Gda\u0144sku \u2013 Zak\u0142ad Budowlano Monta\u017cowy w Pelplinie\u00a01973 \u2013 1989 akta osobowe i kartoteki p\u0142acowe (brak 1974 r.).<\/li>\n<li>Wojew\u00f3dzki Zwi\u0105zek Gminnych Sp\u00f3\u0142dzielni \u201eSamopomoc Ch\u0142opska\u201d w Gda\u0144sku \u2013 Zak\u0142ad Budowlano Monta\u017cowy w Pelplinie \u2013 Agencja in\u017c. J\u00f3zef Libiszewski\u00a01990 \u2013 1991 akta osobowe i kartoteki p\u0142acowe.<\/li>\n<li>Gminna Sp\u00f3\u0142dzielnia \u201eSamopomoc Ch\u0142opska\u201d w Pelplinie\n<ul>\n<li>akta osobowe,<\/li>\n<li>kartoteki p\u0142acowe 1973 \u2013 2006.<\/li>\n<\/ul>\n<\/li>\n<li>WZGS &#8222;SCh&#8221; w Gda\u0144sku Zak\u0142ady Mechaniczne ZAMEK w Wejherowie ul. Budowlanych 4.<\/li>\n<\/ol>\n","protected":false},"excerpt":{"rendered":"<p>Zwi\u0105zek Rewizyjny Sp\u00f3\u0142dzielni \u201eSamopomoc Ch\u0142opska\u201d w Gda\u0144sku informuje, \u017ce przechowuje nast\u0119puj\u0105ce dokumenty: Wojew\u00f3dzki Zwi\u0105zek Gminnych Sp\u00f3\u0142dzielni \u201eSamopomoc Ch\u0142opska\u201d w Gda\u0144sku = Gda\u0144skie Przedsi\u0119biorstwo Sp\u00f3\u0142dzielcze \u201eSamopomoc Ch\u0142opska\u201d w Gda\u0144sku \u00a01967 \u2013 1990 akta osobowe i kartoteki p\u0142acowe. Wojew\u00f3dzki Zwi\u0105zek Gminnych Sp\u00f3\u0142dzielni \u201eSamopomoc Ch\u0142opska\u201d w Gda\u0144sku \u2013 Zak\u0142ad Zaopatrzenia Rolnictwa\u00a01973 \u2013 1986 akta osobowe i kartoteki p\u0142acowe&#8230;.&nbsp;(<a href=\"https:\/\/www.samopomocchlopska.pl\/?page_id=65\">czytaj dalej<\/a>)<\/p>\n","protected":false},"author":1,"featured_media":0,"parent":0,"menu_order":0,"comment_status":"closed","ping_status":"open","template":"","meta":[],"_links":{"self":[{"href":"https:\/\/www.samopomocchlopska.pl\/index.php?rest_route=\/wp\/v2\/pages\/65"}],"collection":[{"href":"https:\/\/www.samopomocchlopska.pl\/index.php?rest_route=\/wp\/v2\/pages"}],"about":[{"href":"https:\/\/www.samopomocchlopska.pl\/index.php?rest_route=\/wp\/v2\/types\/page"}],"author":[{"embeddable":true,"href":"https:\/\/www.samopomocchlopska.pl\/index.php?rest_route=\/wp\/v2\/users\/1"}],"replies":[{"embeddable":true,"href":"https:\/\/www.samopomocchlopska.pl\/index.php?rest_route=%2Fwp%2Fv2%2Fcomments&post=65"}],"version-history":[{"count":4,"href":"https:\/\/www.samopomocchlopska.pl\/index.php?rest_route=\/wp\/v2\/pages\/65\/revisions"}],"predecessor-version":[{"id":226,"href":"https:\/\/www.samopomocchlopska.pl\/index.php?rest_route=\/wp\/v2\/pages\/65\/revisions\/226"}],"wp:attachment":[{"href":"https:\/\/www.samopomocchlopska.pl\/index.php?rest_route=%2Fwp%2Fv2%2Fmedia&parent=65"}],"curies":[{"name":"wp","href":"https:\/\/api.w.org\/{rel}","templated":true}]}}